6449 a composite number?
True
Is 11207000969 composite?
False
Is 885573697 a prime number?
False
Is 17607617843 a composite number?
False
Is 3652338731 a composite number?
False
Is 5043433649 a prime number?
True
Is 19039217 a composite number?
False
Is 99723845483 a prime number?
True
Is 2658434071 a composite number?
True
Is 1277182771 prime?
False
Is 3156961061 composite?
False
Is 3361649817 a composite number?
True
Is 11297263841 a composite number?
False
Is 9690830111 prime?
False
Is 264540097 composite?
True
Is 2606968901 composite?
True
Is 10063415959 a prime number?
True
Is 2974718251 composite?
True
Is 2998893155 a composite number?
True
Is 6656521513 composite?
True
Is 266950261 a prime number?
True
Is 338911663 a composite number?
True
Is 210649553 prime?
True
Is 1867550543 composite?
True
Is 26808702253 a prime number?
False
Is 6113141777 a composite number?
True
Is 80627863 composite?
False
Is 1712063959 composite?
False
Is 829188721 prime?
True
Is 1088368733 a prime number?
False
Is 1760817581 composite?
True
Is 1923069301 a composite number?
True
Is 100310371 a prime number?
False
Is 104877411407 a prime number?
True
Is 3345616051 composite?
True
Is 13337992253 composite?
False
Is 17481206549 composite?
False
Is 150537913 a composite number?
True
Is 1697359231 a prime number?
False
Is 256911543949 a composite number?
True
Is 11928116633 composite?
False
Is 2335423031 a prime number?
True
Is 193369133 composite?
True
Is 70133155 a prime number?
False
Is 4724644513 a prime number?
False
Is 36082589 a prime number?
True
Is 19926543821 prime?
True
Is 3776101379 prime?
False
Is 9049139699 composite?
True
Is 11964445781 prime?
False
Is 35401929001 a composite number?
False
Is 685471403 a prime number?
True
Is 12938010697 a composite number?
True
Is 495885833 composite?
True
Is 25700073011 a composite number?
False
Is 981684479 a prime number?
True
Is 12528411965 prime?
False
Is 40375591 composite?
True
Is 3487835441 a composite number?
False
Is 753328249 a prime number?
True
Is 15325158813 a composite number?
True
Is 2896094093 composite?
False
Is 146277287033 prime?
False
Is 2334051347 a prime number?
False
Is 4367458903 a composite number?
False
Is 324629581 composite?
False
Is 4061259095 prime?
False
Is 23930492897 prime?
False
Is 71422007099 a composite number?
True
Is 180089393 composite?
True
Is 27232646629 prime?
False
Is 6672425113 composite?
False
Is 506757101 prime?
False
Is 1720490497 a prime number?
False
Is 4097856037 composite?
True
Is 527838137 prime?
True
Is 11142391157 composite?
True
Is 55677617 composite?
False
Is 10298698409 a composite number?
True
Is 11123958739 a prime number?
False
Is 6898279291 a composite number?
False
Is 2652978989 a composite number?
False
Is 962691103 prime?
False
Is 20453132317 prime?
True
Is 50049111769 a composite number?
True
Is 4311691903 a prime number?
True
Is 57029033389 prime?
False
Is 19350517489 composite?
True
Is 325398523 prime?
False
Is 3079633163 prime?
False
Is 657063611 a composite number?
False
Is 43380819341 prime?
True
Is 38152988443 prime?
False
Is 8922216049 a prime number?
False
Is 481958681 a composite number?
True
Is 764234543 prime?
True
Is 88989882397 prime?
False
Is 2452713379 a prime number?
True
Is 41843056009 prime?
True
Is 8041190167 a composite number?
True
Is 15633221399 prime?
False
Is 2201570141 a prime number?
True
Is 19825364761 prime?
True
Is 1353255133 a prime number?
True
Is 8592833939 composite?
False
Is 13111951583 a composite number?
False
Is 10640018969 a composite number?
False
Is 56322060737 prime?
False
Is 254721146 a composite number?
True
Is 966192641 prime?
False
Is 16217785937 a composite number?
False
Is 348799517 composite?
True
Is 12861711953 composite?
False
Is 20679550001 prime?
False
Is 18850690217 composite?
False
Is 6698676059 a composite number?
False
Is 9578794586 composite?
True
Is 14598778303 composite?
False
Is 1933836473 prime?
False
Is 5884626949 prime?
True
Is 139305561821 a prime number?
False
Is 130844524493 composite?
False
Is 225848227 a prime number?
False
Is 2624266363 composite?
False
Is 445603859 a prime number?
True
Is 6881126339 composite?
True
Is 30213099083 a composite number?
False
Is 3117241 prime?
True
Is 43537078877 composite?
True
Is 53088389933 composite?
True
Is 116378076461 prime?
False
Is 385096411 composite?
True
Is 12322587103 prime?
False
Is 207226679 prime?
False
Is 6235378221 a prime number?
False
Is 626170927 a prime number?
False
Is 14505708817 a composite number?
True
Is 4989513541 composite?
True
Is 3799087421 composite?
False
Is 1349900803 a prime number?
True
Is 783909067 prime?
False
Is 1205946699 composite?
True
Is 265451839 a composite number?
False
Is 8117064817 prime?
False
Is 55660335823 prime?
False
Is 72710737 a prime number?
False
Is 7797228409 a composite number?
False
Is 6462611789 a composite number?
True
Is 107443639 prime?
True
Is 5924090141 a composite number?
False
Is 530407489 prime?
False
Is 1650124093 composite?
True
Is 149876560871 prime?
True
Is 42771901 a composite number?
True
Is 32095817 prime?
False
Is 9866264467 a prime number?
False
Is 2497639085 a composite number?
True
Is 10835399269 prime?
True
Is 38184144083 a prime number?
False
Is 2290335869 prime?
True
Is 29783931271 prime?
True
Is 547181371 a prime number?
False
Is 140193659 a composite number?
False
Is 6040797563 composite?
True
Is 1912435985 prime?
False
Is 102955143541 composite?
False
Is 3297971849 composite?
False
Is 368750093 a composite number?
True
Is 5224913143 prime?
True
Is 6854489459 a composite number?
True
Is 3402273037 a composite number?
False
Is 7675021163 prime?
True
Is 4185860869 a composite number?
False
Is 4494719893 a composite number?
True
Is 16419737 a composite number?
False
Is 26230874561 prime?
False
Is 3734428763 a prime number?
False
Is 14032363727 prime?
True
Is 532285577 a prime number?
True
Is 3394406557 a composite number?
False
Is 269572403 composite?
False
Is 4584976631 a composite number?
False
Is 8780210237 prime?
True
Is 15659671271 prime?
False
Is 10395994937 a prime number?
True
Is 18834299573 a composite number?
True
Is 17331538117 prime?
True
Is 30512214097 prime?
True
Is 147231151 composite?
False
Is 7161990179 a prime number?
True
Is 1242304639 a composite number?
True
Is 23834895977 prime?
True
Is 51709005041 composite?
True
Is 8204755279 a prime number?
False
Is 397707293 composite?
False
Is 1503768709 a composite number?
False
Is 252982757 a prime number?
True
Is 75316220971 a composite number?
False
Is 1890317339 a composite number?
False
Is 212660702 composite?
True
Is 248676557 prime?
True
Is 1269201377 composite?
True
Is 1300852001 prime?
False
Is 569832899 composite?
False
Is 89475979097 a prime number?
True
Is 23138141599 prime?
False
Is 1640384341 a prime number?
True
Is 5070145819 prime?
False
Is 24550585571 composite?
False
Is 33312647 a composite number?
False
Is 290704229 a composite number?
False
Is 3589950671 composite?
False
Is 9262503511 composite?
False
Is 731172797 prime?
True
Is 268825649 a prime number?
True
Is 41677559995 prime?
False
Is 3740919023 a composite number?
False
Is 278174917 a prime number?
False
Is 7530866493 composite?
True
Is 13063209641 a composite number?
False
Is 14083388101 a prime number?
False
Is 32075295563 prime?
True
Is 17934078809 a composite number?
True
Is 1441410323 a prime number?
True
Is 10509908789 a composite number?
True
Is 5198644223 a composite number?
False
Is 4812954121 a prime number?
True
Is 87960811933 a prime number?
False
Is 11183062571 a prime number?
True
Is 54222980519 composite?
True
Is 893378839 a composite number?
False
Is 319504123 a composite number?
True
Is 1792745671 prime?
True
Is 211601141 a composite number?
False
Is 4932392653 a composite number?
True
Is 229282093 prime?
True
Is 9519268991 composite?
False
Is 1738498121 prime?
True
Is 1299241843 composite?
False
Is 234893819 composite?
True
Is 43568044691 a prime number?
True
Is 771908369 a composite number?
True
Is 2472999407 a prime number?
True
Is 22086496043 a prime number?
False
Is 2019322801 composite?
False
Is 18523419605 a composite number?
True
Is 3782742269 a composite number?
False
Is 1326581863 prime?
False
Is 190681501